{"id":6082,"date":"2020-09-04T17:08:27","date_gmt":"2020-09-04T22:08:27","guid":{"rendered":"https:\/\/casaduvelo.com\/?page_id=6082"},"modified":"2022-11-25T10:28:57","modified_gmt":"2022-11-25T15:28:57","slug":"local-area-fr","status":"publish","type":"page","link":"https:\/\/casaduvelo.com\/?page_id=6082&lang=fr","title":{"rendered":"Local Area FR"},"content":{"rendered":"<p>[vc_row row_content_width=&#8221;grid&#8221; css=&#8221;.vc_custom_1596222812462{padding-top: 110px !important;padding-bottom: 135px !important;}&#8221; simple_background_color=&#8221;#161e38&#8243; parallax_background_image=&#8221;5647&#8243;][vc_column offset=&#8221;vc_col-lg-12 vc_col-md-12&#8243;]<div class=\"eltd-elements-holder   eltd-two-columns  eltd-responsive-mode-768 \" ><div class=\"eltd-eh-item   eltd-horizontal-alignment-center \" style=\"background-color: #ffffff\" data-item-class=\"eltd-eh-custom-1605\" data-1280-1600=\"0 24%\" data-1024-1280=\"0 20% 5px 20%\" data-768-1024=\"0 12% 4px 12%\" data-680-768=\"100px 24%\" data-680=\"80px 5%\">\n\t<div class=\"eltd-eh-item-inner\">\n\t\t<div class=\"eltd-eh-item-content eltd-eh-custom-1605\" style=\"padding: 0 26% 5px 26%\">\n\t\t\t<div class=\"eltd-section-title-holder eltd-separator-disabled  \" >\n    <div class=\"eltd-section-title-inner\">\n                    <h5 class=\"eltd-st-subtitle\" >\n                <span>COLOMBIA<\/span>\n            <\/h5>\n                            <h3 class=\"eltd-st-title \" >\n                <span class=\"eltd-st-before\">Filandia<\/span>\n                <span>Quind\u00edo<\/span>\n            <\/h3>\n                            <p class=\"eltd-st-text\" style=\"font-size: 15px;line-height: 28px\">Les habitants de Filandia, Quind\u00edo, prennent au s\u00e9rieux leur r\u00f4le fondamental dans la promotion de la municipalit\u00e9 comme l&#039;une des meilleures destinations touristiques du pays. La tradition du caf\u00e9, son architecture de la colonisation d&#039;Antioquia et l&#039;offre gastronomique vari\u00e9e sont les principaux attraits de ce qui a souvent \u00e9t\u00e9 appel\u00e9 la plus belle ville de Colombie.<\/p>\n                    <\/div>\n<\/div>[vc_empty_space height=&#8221;40px&#8221;]<a itemprop=\"url\" href=\"https:\/\/hotels.cloudbeds.com\/reservation\/qOeYFM\" target=\"_self\"  class=\"eltd-btn eltd-btn-medium eltd-btn-solid eltd-btn-line-left eltd-btn-animation-enabled\"  >\n    <span class=\"eltd-btn-text\">R\u00c9SERVEZ MAINTENANT<\/span>\n\n        \t<span class=\"eltd-btn-hover-overlay\" ><\/span>\n    \n    <\/a>\t\t<\/div>\n\t<\/div>\n<\/div><div class=\"eltd-eh-item    \"  data-item-class=\"eltd-eh-custom-5695\">\n\t<div class=\"eltd-eh-item-inner\">\n\t\t<div class=\"eltd-eh-item-content eltd-eh-custom-5695\" style=\"padding: 0 0 0 0\">\n\t\t\t<div class=\"eltd-image-gallery  eltd-ig-slider-type eltd-no-space   eltd-custom-nav eltd-custom-nav-right eltd-hide-pagination\">\n\t<div class=\"eltd-ig-slider eltd-owl-slider\" data-number-of-items=\"1\" data-enable-loop=\"yes\" data-enable-autoplay=\"yes\" data-slider-speed=\"5000\" data-slider-speed-animation=\"600\" data-slider-padding=\"no\" data-enable-navigation=\"yes\" data-enable-custom-navigation=\"yes\" data-enable-pagination=\"yes\" data-slider-animate-out=\"fadeOut\">\n\t\t\t\t\t<div class=\"eltd-ig-image\">\n\t\t\t\t\t\t\t\t\t<img loading=\"lazy\" decoding=\"async\" width=\"1393\" height=\"1449\" src=\"https:\/\/casaduvelo.com\/wp-content\/uploads\/2020\/09\/valle-cocora.jpg\" class=\"attachment-full size-full\" alt=\"\" srcset=\"https:\/\/casaduvelo.com\/wp-content\/uploads\/2020\/09\/valle-cocora.jpg 1393w, https:\/\/casaduvelo.com\/wp-content\/uploads\/2020\/09\/valle-cocora-288x300.jpg 288w, https:\/\/casaduvelo.com\/wp-content\/uploads\/2020\/09\/valle-cocora-984x1024.jpg 984w, https:\/\/casaduvelo.com\/wp-content\/uploads\/2020\/09\/valle-cocora-768x799.jpg 768w\" sizes=\"(max-width: 1393px) 100vw, 1393px\" \/>\t\t\t\t\t\t\t<\/div>\n\t\t\t\t\t<div class=\"eltd-ig-image\">\n\t\t\t\t\t\t\t\t\t<img loading=\"lazy\" decoding=\"async\" width=\"668\" height=\"695\" src=\"https:\/\/casaduvelo.com\/wp-content\/uploads\/2020\/07\/Filandia1.jpg\" class=\"attachment-full size-full\" alt=\"Casa du V\u00e9lo\" srcset=\"https:\/\/casaduvelo.com\/wp-content\/uploads\/2020\/07\/Filandia1.jpg 668w, https:\/\/casaduvelo.com\/wp-content\/uploads\/2020\/07\/Filandia1-288x300.jpg 288w, https:\/\/casaduvelo.com\/wp-content\/uploads\/2020\/07\/Filandia1-600x624.jpg 600w\" sizes=\"(max-width: 668px) 100vw, 668px\" \/>\t\t\t\t\t\t\t<\/div>\n\t\t\t\t\t<div class=\"eltd-ig-image\">\n\t\t\t\t\t\t\t\t\t<img loading=\"lazy\" decoding=\"async\" width=\"668\" height=\"695\" src=\"https:\/\/casaduvelo.com\/wp-content\/uploads\/2020\/07\/Filandia3.jpg\" class=\"attachment-full size-full\" alt=\"Casa du V\u00e9lo\" srcset=\"https:\/\/casaduvelo.com\/wp-content\/uploads\/2020\/07\/Filandia3.jpg 668w, https:\/\/casaduvelo.com\/wp-content\/uploads\/2020\/07\/Filandia3-288x300.jpg 288w, https:\/\/casaduvelo.com\/wp-content\/uploads\/2020\/07\/Filandia3-600x624.jpg 600w\" sizes=\"(max-width: 668px) 100vw, 668px\" \/>\t\t\t\t\t\t\t<\/div>\n\t\t\t<\/div>\n<\/div>\t\t<\/div>\n\t<\/div>\n<\/div><\/div>[\/vc_column][\/vc_row][vc_row content_text_aligment=&#8221;center&#8221; parallax_background_image=&#8221;5618&#8243;][vc_column]<div class=\"eltd-elements-holder   eltd-one-column  eltd-responsive-mode-768 \" ><div class=\"eltd-eh-item   eltd-horizontal-alignment-center \"  data-item-class=\"eltd-eh-custom-4529\" data-1280-1600=\"100px 26% 135px 26%\" data-1024-1280=\"100px 24% 130px 24%\" data-768-1024=\"0 17% 140px 17%\" data-680-768=\"50px 7% 130px 7%\" data-680=\"60px 4% 60px 4%\">\n\t<div class=\"eltd-eh-item-inner\">\n\t\t<div class=\"eltd-eh-item-content eltd-eh-custom-4529\" style=\"padding: 100px 33% 130px 33%\">\n\t\t\t<div class=\"eltd-section-title-holder eltd-separator-disabled  \" >\n    <div class=\"eltd-section-title-inner\">\n                    <h6 class=\"eltd-st-subtitle\" >\n                <span>R\u00c9GION DU CAF\u00c9<\/span>\n            <\/h6>\n                            <h3 class=\"eltd-st-title \" >\n                <span class=\"eltd-st-before\">Des endroits incroyables<\/span>\n                <span>\u00e0 d\u00e9couvrir<\/span>\n            <\/h3>\n                            <p class=\"eltd-st-text\" style=\"color: #000000;line-height: 30px;margin: 22\">Nous fournissons des informations sur les activit\u00e9s que vous pouvez trouver dans les environs de l&#039;h\u00f4tel.<\/p>\n                    <\/div>\n<\/div>[vc_empty_space height=&#8221;50px&#8221;]<a itemprop=\"url\" href=\"https:\/\/hotels.cloudbeds.com\/reservation\/qOeYFM\" target=\"_self\"  class=\"eltd-btn eltd-btn-medium eltd-btn-solid eltd-btn-line-left eltd-btn-animation-enabled\"  >\n    <span class=\"eltd-btn-text\">R\u00c9SERVEZ MAINTENANT<\/span>\n\n        \t<span class=\"eltd-btn-hover-overlay\" ><\/span>\n    \n    <\/a>\t\t<\/div>\n\t<\/div>\n<\/div><\/div>[\/vc_column][\/vc_row][vc_row row_content_width=&#8221;grid&#8221; content_text_aligment=&#8221;left&#8221; css=&#8221;.vc_custom_1597799949731{padding-top: 128px !important;padding-bottom: 60px !important;}&#8221; simple_background_color=&#8221;#ded6a9&#8243;][vc_column offset=&#8221;vc_col-lg-4 vc_col-md-4&#8243;]<div class=\"eltd-image-with-text-holder   eltd-image-behavior-zoom\">\n    <div class=\"eltd-iwt-image\">\n                                    <img loading=\"lazy\" decoding=\"async\" width=\"800\" height=\"553\" src=\"https:\/\/casaduvelo.com\/wp-content\/uploads\/2020\/07\/x.-canastas.jpg\" class=\"attachment-full size-full\" alt=\"Casa du V\u00e9lo\" srcset=\"https:\/\/casaduvelo.com\/wp-content\/uploads\/2020\/07\/x.-canastas.jpg 800w, https:\/\/casaduvelo.com\/wp-content\/uploads\/2020\/07\/x.-canastas-300x207.jpg 300w, https:\/\/casaduvelo.com\/wp-content\/uploads\/2020\/07\/x.-canastas-768x531.jpg 768w, https:\/\/casaduvelo.com\/wp-content\/uploads\/2020\/07\/x.-canastas-600x415.jpg 600w\" sizes=\"(max-width: 800px) 100vw, 800px\" \/>                        <\/div>\n    <div class=\"eltd-iwt-text-holder\">\n                    <h4 class=\"eltd-iwt-title\" style=\"margin-top: 40px\">Vannerie artisanale<\/h4>\n        \t\t            <p class=\"eltd-iwt-text\" style=\"margin-top: 20px\">Le tissage d&#039;objets tels que des paniers avec des fibres naturelles est l&#039;un des m\u00e9tiers les plus repr\u00e9sentatifs de la r\u00e9gion depuis des d\u00e9cennies, le panier \u00e0 caf\u00e9 \u00e9tant l&#039;un des produits les plus connus. Aujourd&#039;hui \u00e0 Filandia, cet art traditionnel survit gr\u00e2ce au d\u00e9vouement de plus de 25 familles d&#039;artisans.<\/p>\n            <\/div>\n<\/div>[\/vc_column][vc_column offset=&#8221;vc_col-lg-4 vc_col-md-4&#8243;]<div class=\"eltd-image-with-text-holder   eltd-image-behavior-zoom\">\n    <div class=\"eltd-iwt-image\">\n                                    <img loading=\"lazy\" decoding=\"async\" width=\"800\" height=\"553\" src=\"https:\/\/casaduvelo.com\/wp-content\/uploads\/2020\/07\/x.-mariposario.jpg\" class=\"attachment-full size-full\" alt=\"Casa du V\u00e9lo\" srcset=\"https:\/\/casaduvelo.com\/wp-content\/uploads\/2020\/07\/x.-mariposario.jpg 800w, https:\/\/casaduvelo.com\/wp-content\/uploads\/2020\/07\/x.-mariposario-300x207.jpg 300w, https:\/\/casaduvelo.com\/wp-content\/uploads\/2020\/07\/x.-mariposario-768x531.jpg 768w, https:\/\/casaduvelo.com\/wp-content\/uploads\/2020\/07\/x.-mariposario-600x415.jpg 600w\" sizes=\"(max-width: 800px) 100vw, 800px\" \/>                        <\/div>\n    <div class=\"eltd-iwt-text-holder\">\n                    <h4 class=\"eltd-iwt-title\" style=\"margin-top: 40px\">Ferme aux papillons<\/h4>\n        \t\t            <p class=\"eltd-iwt-text\" style=\"margin-top: 20px\">Le d\u00e9partement de Quind\u00edo est une zone de grande diversit\u00e9 biologique et son jardin botanique abrite une diversit\u00e9 floristique de plus de 600 esp\u00e8ces. Avec une structure de 680 m3, se trouve El Mariposario, un grand vivarium \u00e0 ciel ouvert, le plus complet de la plan\u00e8te et abritant plus de 30 esp\u00e8ces de papillons originaires de Colombie.<\/p>\n            <\/div>\n<\/div>[\/vc_column][vc_column offset=&#8221;vc_col-lg-4 vc_col-md-4&#8243;]<div class=\"eltd-image-with-text-holder   eltd-image-behavior-zoom\">\n    <div class=\"eltd-iwt-image\">\n                                    <img loading=\"lazy\" decoding=\"async\" width=\"1668\" height=\"1153\" src=\"https:\/\/casaduvelo.com\/wp-content\/uploads\/2022\/09\/cafe.jpg\" class=\"attachment-full size-full\" alt=\"\" srcset=\"https:\/\/casaduvelo.com\/wp-content\/uploads\/2022\/09\/cafe.jpg 1668w, https:\/\/casaduvelo.com\/wp-content\/uploads\/2022\/09\/cafe-300x207.jpg 300w, https:\/\/casaduvelo.com\/wp-content\/uploads\/2022\/09\/cafe-1024x708.jpg 1024w, https:\/\/casaduvelo.com\/wp-content\/uploads\/2022\/09\/cafe-768x531.jpg 768w, https:\/\/casaduvelo.com\/wp-content\/uploads\/2022\/09\/cafe-1536x1062.jpg 1536w\" sizes=\"(max-width: 1668px) 100vw, 1668px\" \/>                        <\/div>\n    <div class=\"eltd-iwt-text-holder\">\n                    <h4 class=\"eltd-iwt-title\" style=\"margin-top: 40px\">Visite au fermes de caf\u00e9<\/h4>\n        \t\t            <p class=\"eltd-iwt-text\" style=\"margin-top: 20px\">L&#039;un des h\u00e9ritages coloniaux les plus color\u00e9s du paysage culturel du caf\u00e9 sont les plantations de caf\u00e9. En les parcourant, l&#039;histoire qu&#039;il contient est connue, tout en d\u00e9gustant un vrai caf\u00e9 colombien. Ils sont g\u00e9n\u00e9ralement situ\u00e9s au milieu de vastes cultures de caf\u00e9 o\u00f9 des visites sont effectu\u00e9es pour en apprendre davantage sur le processus de culture, la d\u00e9gustation du caf\u00e9 et les diff\u00e9rentes m\u00e9thodes de pr\u00e9paration.<\/p>\n            <\/div>\n<\/div>[\/vc_column][\/vc_row][vc_row row_content_width=&#8221;grid&#8221; content_text_aligment=&#8221;left&#8221; css=&#8221;.vc_custom_1597799970545{padding-bottom: 60px !important;}&#8221; simple_background_color=&#8221;#ded6a9&#8243;][vc_column offset=&#8221;vc_col-lg-4 vc_col-md-4&#8243;]<div class=\"eltd-image-with-text-holder   eltd-image-behavior-zoom\">\n    <div class=\"eltd-iwt-image\">\n                                    <img loading=\"lazy\" decoding=\"async\" width=\"800\" height=\"553\" src=\"https:\/\/casaduvelo.com\/wp-content\/uploads\/2020\/07\/x.-cocora.jpg\" class=\"attachment-full size-full\" alt=\"Casa du V\u00e9lo\" srcset=\"https:\/\/casaduvelo.com\/wp-content\/uploads\/2020\/07\/x.-cocora.jpg 800w, https:\/\/casaduvelo.com\/wp-content\/uploads\/2020\/07\/x.-cocora-300x207.jpg 300w, https:\/\/casaduvelo.com\/wp-content\/uploads\/2020\/07\/x.-cocora-768x531.jpg 768w, https:\/\/casaduvelo.com\/wp-content\/uploads\/2020\/07\/x.-cocora-600x415.jpg 600w\" sizes=\"(max-width: 800px) 100vw, 800px\" \/>                        <\/div>\n    <div class=\"eltd-iwt-text-holder\">\n                    <h4 class=\"eltd-iwt-title\" style=\"margin-top: 40px\">Vall\u00e9e de Cocora et Salento<\/h4>\n        \t\t            <p class=\"eltd-iwt-text\" style=\"margin-top: 20px\">Gr\u00e2ce \u00e0 son emplacement, ce lieu se caract\u00e9rise par des for\u00eats de nuages et une diversit\u00e9 de faune et de flore. La Palma de Cera est la plus connue et la plus haute du monde avec plus de 60 m\u00e8tres.<\/p>\n            <\/div>\n<\/div>[\/vc_column][vc_column offset=&#8221;vc_col-lg-4 vc_col-md-4&#8243;]<div class=\"eltd-image-with-text-holder   eltd-image-behavior-zoom\">\n    <div class=\"eltd-iwt-image\">\n                                    <img loading=\"lazy\" decoding=\"async\" width=\"1668\" height=\"1153\" src=\"https:\/\/casaduvelo.com\/wp-content\/uploads\/2022\/11\/gastronomia-cdv_05.jpg\" class=\"attachment-full size-full\" alt=\"\" srcset=\"https:\/\/casaduvelo.com\/wp-content\/uploads\/2022\/11\/gastronomia-cdv_05.jpg 1668w, https:\/\/casaduvelo.com\/wp-content\/uploads\/2022\/11\/gastronomia-cdv_05-300x207.jpg 300w, https:\/\/casaduvelo.com\/wp-content\/uploads\/2022\/11\/gastronomia-cdv_05-1024x708.jpg 1024w, https:\/\/casaduvelo.com\/wp-content\/uploads\/2022\/11\/gastronomia-cdv_05-768x531.jpg 768w, https:\/\/casaduvelo.com\/wp-content\/uploads\/2022\/11\/gastronomia-cdv_05-1536x1062.jpg 1536w\" sizes=\"(max-width: 1668px) 100vw, 1668px\" \/>                        <\/div>\n    <div class=\"eltd-iwt-text-holder\">\n                    <h4 class=\"eltd-iwt-title\" style=\"margin-top: 40px\">Gastronom\u00eda<\/h4>\n        \t\t            <p class=\"eltd-iwt-text\" style=\"margin-top: 20px\">La gastronom\u00eda de Filandia sobresale en el Quind\u00edo por combinar los productos tradicionales del pa\u00eds con las t\u00e9cnicas y el estilo de la cocina local, con una creciente presencia de restaurantes que han ido posicion\u00e1ndose con extraordinaria comida gourmet. Y, como anticipo de una cena inolvidable, los atardeceres se disfrutan mejor con exquisita reposter\u00eda y un buen caf\u00e9, como solo Filandia sabe hacerlo.<\/p>\n            <\/div>\n<\/div>[\/vc_column][vc_column offset=&#8221;vc_col-lg-4 vc_col-md-4&#8243;]<div class=\"eltd-image-with-text-holder   eltd-image-behavior-zoom\">\n    <div class=\"eltd-iwt-image\">\n                                    <img loading=\"lazy\" decoding=\"async\" width=\"1668\" height=\"1153\" src=\"https:\/\/casaduvelo.com\/wp-content\/uploads\/2020\/09\/pajaro.jpg\" class=\"attachment-full size-full\" alt=\"\" srcset=\"https:\/\/casaduvelo.com\/wp-content\/uploads\/2020\/09\/pajaro.jpg 1668w, https:\/\/casaduvelo.com\/wp-content\/uploads\/2020\/09\/pajaro-300x207.jpg 300w, https:\/\/casaduvelo.com\/wp-content\/uploads\/2020\/09\/pajaro-1024x708.jpg 1024w, https:\/\/casaduvelo.com\/wp-content\/uploads\/2020\/09\/pajaro-768x531.jpg 768w, https:\/\/casaduvelo.com\/wp-content\/uploads\/2020\/09\/pajaro-1536x1062.jpg 1536w\" sizes=\"(max-width: 1668px) 100vw, 1668px\" \/>                        <\/div>\n    <div class=\"eltd-iwt-text-holder\">\n                    <h4 class=\"eltd-iwt-title\" style=\"margin-top: 40px\">Observation des oiseaux<\/h4>\n        \t\t            <p class=\"eltd-iwt-text\" style=\"margin-top: 20px\">La Colombie est reconnue pour sa biodiversit\u00e9 et pour \u00eatre le num\u00e9ro un des esp\u00e8ces, avec environ 20% des oiseaux du monde. La richesse naturelle fait du pays le foyer id\u00e9al pour des milliers d&#039;oiseaux end\u00e9miques et c&#039;est l&#039;endroit id\u00e9al pour les esp\u00e8ces migratrices qui recherchent la chaleur pendant l&#039;hiver et se d\u00e9placent en groupes pour profiter de la richesse et de la tranquillit\u00e9 des paysages.<\/p>\n            <\/div>\n<\/div>[\/vc_column][\/vc_row][vc_row row_content_width=&#8221;grid&#8221; disable_background_image=&#8221;&#8221; content_text_aligment=&#8221;left&#8221; simple_background_image=&#8221;5722&#8243; simple_background_color=&#8221;#ded6a9&#8243; css=&#8221;.vc_custom_1597799981146{padding-bottom: 60px !important;}&#8221;][vc_column offset=&#8221;vc_col-lg-4 vc_col-md-4&#8243;]<div class=\"eltd-image-with-text-holder   eltd-image-behavior-zoom\">\n    <div class=\"eltd-iwt-image\">\n                                    <img loading=\"lazy\" decoding=\"async\" width=\"800\" height=\"553\" src=\"https:\/\/casaduvelo.com\/wp-content\/uploads\/2020\/07\/x.-parque-de-cafe3.jpg\" class=\"attachment-full size-full\" alt=\"Casa du V\u00e9lo\" srcset=\"https:\/\/casaduvelo.com\/wp-content\/uploads\/2020\/07\/x.-parque-de-cafe3.jpg 800w, https:\/\/casaduvelo.com\/wp-content\/uploads\/2020\/07\/x.-parque-de-cafe3-300x207.jpg 300w, https:\/\/casaduvelo.com\/wp-content\/uploads\/2020\/07\/x.-parque-de-cafe3-768x531.jpg 768w, https:\/\/casaduvelo.com\/wp-content\/uploads\/2020\/07\/x.-parque-de-cafe3-600x415.jpg 600w\" sizes=\"(max-width: 800px) 100vw, 800px\" \/>                        <\/div>\n    <div class=\"eltd-iwt-text-holder\">\n                    <h4 class=\"eltd-iwt-title\" style=\"margin-top: 40px\">Parc du Caf\u00e9 et Panaca<\/h4>\n        \t\t            <p class=\"eltd-iwt-text\" style=\"margin-top: 20px\">Le charme du parc national du caf\u00e9 r\u00e9side dans sa culture du caf\u00e9, son histoire, ses montagnes russes, ses paysages incroyables et ses nombreux divertissements. Ce parc vous permet d&#039;interagir avec la culture agricole et d&#039;en tirer des enseignements gr\u00e2ce \u00e0 une interaction directe avec les champs et les animaux.<\/p>\n            <\/div>\n<\/div>[\/vc_column][vc_column offset=&#8221;vc_col-lg-4 vc_col-md-4&#8243;]<div class=\"eltd-image-with-text-holder   eltd-image-behavior-zoom\">\n    <div class=\"eltd-iwt-image\">\n                                    <img loading=\"lazy\" decoding=\"async\" width=\"1668\" height=\"1153\" src=\"https:\/\/casaduvelo.com\/wp-content\/uploads\/2022\/09\/sendero2.jpg\" class=\"attachment-full size-full\" alt=\"\" srcset=\"https:\/\/casaduvelo.com\/wp-content\/uploads\/2022\/09\/sendero2.jpg 1668w, https:\/\/casaduvelo.com\/wp-content\/uploads\/2022\/09\/sendero2-300x207.jpg 300w, https:\/\/casaduvelo.com\/wp-content\/uploads\/2022\/09\/sendero2-1024x708.jpg 1024w, https:\/\/casaduvelo.com\/wp-content\/uploads\/2022\/09\/sendero2-768x531.jpg 768w, https:\/\/casaduvelo.com\/wp-content\/uploads\/2022\/09\/sendero2-1536x1062.jpg 1536w\" sizes=\"(max-width: 1668px) 100vw, 1668px\" \/>                        <\/div>\n    <div class=\"eltd-iwt-text-holder\">\n                    <h4 class=\"eltd-iwt-title\" style=\"margin-top: 40px\">Randonn\u00e9e<\/h4>\n        \t\t            <p class=\"eltd-iwt-text\" style=\"margin-top: 20px\">La R\u00e9gion du Caf\u00e9 est une r\u00e9gion id\u00e9ale pour les balades et randonn\u00e9es \u00e9cologiques. Sa topographie offre des itin\u00e9raires avec tous les degr\u00e9s de difficult\u00e9 immerg\u00e9s dans l&#039;une des zones avec la plus grande biodiversit\u00e9 au monde.<\/p>\n            <\/div>\n<\/div>[\/vc_column][vc_column offset=&#8221;vc_col-lg-4 vc_col-md-4&#8243;]<div class=\"eltd-image-with-text-holder   eltd-image-behavior-zoom\">\n    <div class=\"eltd-iwt-image\">\n                                    <img loading=\"lazy\" decoding=\"async\" width=\"800\" height=\"553\" src=\"https:\/\/casaduvelo.com\/wp-content\/uploads\/2020\/07\/x.-quimbaya.jpg\" class=\"attachment-full size-full\" alt=\"Casa du V\u00e9lo\" srcset=\"https:\/\/casaduvelo.com\/wp-content\/uploads\/2020\/07\/x.-quimbaya.jpg 800w, https:\/\/casaduvelo.com\/wp-content\/uploads\/2020\/07\/x.-quimbaya-300x207.jpg 300w, https:\/\/casaduvelo.com\/wp-content\/uploads\/2020\/07\/x.-quimbaya-768x531.jpg 768w, https:\/\/casaduvelo.com\/wp-content\/uploads\/2020\/07\/x.-quimbaya-600x415.jpg 600w\" sizes=\"(max-width: 800px) 100vw, 800px\" \/>                        <\/div>\n    <div class=\"eltd-iwt-text-holder\">\n                    <h4 class=\"eltd-iwt-title\" style=\"margin-top: 40px\">Museo Quimbaya<\/h4>\n        \t\t            <p class=\"eltd-iwt-text\" style=\"margin-top: 20px\">Situ\u00e9 en Arm\u00e9nie, c&#039;est l&#039;un des plus beaux mus\u00e9es de Colombie, un hommage aux anciens habitants de la r\u00e9gion, qui ont cr\u00e9\u00e9 un art universel tant dans leur orf\u00e8vrerie que dans leur c\u00e9ramique.<\/p>\n            <\/div>\n<\/div>[\/vc_column][\/vc_row][vc_row content_placement=&#8221;top&#8221; disable_background_image=&#8221;&#8221; content_text_aligment=&#8221;center&#8221; css=&#8221;.vc_custom_1664241023596{background-position: center !important;background-repeat: no-repeat !important;background-size: cover !important;}&#8221; simple_background_image=&#8221;6189&#8243;][vc_column][vc_row_inner row_content_width=&#8221;grid&#8221;][vc_column_inner width=&#8221;1\/4&#8243; offset=&#8221;vc_col-lg-4 vc_col-md-3&#8243;][\/vc_column_inner][vc_column_inner width=&#8221;1\/2&#8243; offset=&#8221;vc_col-lg-4 vc_col-md-6&#8243;]<div class=\"eltd-elements-holder   eltd-one-column  eltd-responsive-mode-768 \" ><div class=\"eltd-eh-item   eltd-horizontal-alignment-center \"  data-item-class=\"eltd-eh-custom-2959\" data-1024-1280=\"15% 0 80% 0\">\n\t<div class=\"eltd-eh-item-inner\">\n\t\t<div class=\"eltd-eh-item-content eltd-eh-custom-2959\" style=\"padding: 33% 0 125% 0\">\n\t\t\t<a itemprop=\"url\" href=\"https:\/\/hotels.cloudbeds.com\/reservation\/qOeYFM\" target=\"_self\" style=\"color: #000000;background-color: #ded6a9;border-color: #ded6a9\" class=\"eltd-btn eltd-btn-medium eltd-btn-solid eltd-btn-custom-border-hover eltd-btn-custom-hover-color eltd-btn-line-left eltd-btn-animation-enabled\" data-hover-color=\"#ded6a9\" data-hover-border-color=\"#ded6a9\" >\n    <span class=\"eltd-btn-text\">R\u00c9SERVEZ MAINTENANT<\/span>\n\n        \t<span class=\"eltd-btn-hover-overlay\" style=\"color: #000000;background-color: #ded6a9;border-color: #ded6a9\"><\/span>\n    \n    <\/a>\t\t<\/div>\n\t<\/div>\n<\/div><\/div>[\/vc_column_inner][vc_column_inner width=&#8221;1\/4&#8243; offset=&#8221;vc_col-lg-4 vc_col-md-3&#8243;][\/vc_column_inner][\/vc_row_inner][\/vc_column][\/vc_row]<\/p>\n","protected":false},"excerpt":{"rendered":"<p>[vc_row row_content_width=&#8221;grid&#8221; css=&#8221;.vc_custom_1596222812462{padding-top: 110px !important;padding-bottom: 135px !important;}&#8221; simple_background_color=&#8221;#161e38&#8243; parallax_background_image=&#8221;5647&#8243;][vc_column offset=&#8221;vc_col-lg-12 vc_col-md-12&#8243;][\/vc_column][\/vc_row][vc_row content_text_aligment=&#8221;center&#8221; parallax_background_image=&#8221;5618&#8243;][vc_column][\/vc_column][\/vc_row][vc_row row_content_width=&#8221;grid&#8221; content_text_aligment=&#8221;left&#8221; css=&#8221;.vc_custom_1597799949731{padding-top: 128px !important;padding-bottom: 60px [&hellip;]<\/p>\n","protected":false},"author":1,"featured_media":0,"parent":0,"menu_order":0,"comment_status":"closed","ping_status":"closed","template":"full-width.php","meta":{"footnotes":""},"_links":{"self":[{"href":"https:\/\/casaduvelo.com\/index.php?rest_route=\/wp\/v2\/pages\/6082"}],"collection":[{"href":"https:\/\/casaduvelo.com\/index.php?rest_route=\/wp\/v2\/pages"}],"about":[{"href":"https:\/\/casaduvelo.com\/index.php?rest_route=\/wp\/v2\/types\/page"}],"author":[{"embeddable":true,"href":"https:\/\/casaduvelo.com\/index.php?rest_route=\/wp\/v2\/users\/1"}],"replies":[{"embeddable":true,"href":"https:\/\/casaduvelo.com\/index.php?rest_route=%2Fwp%2Fv2%2Fcomments&post=6082"}],"version-history":[{"count":10,"href":"https:\/\/casaduvelo.com\/index.php?rest_route=\/wp\/v2\/pages\/6082\/revisions"}],"predecessor-version":[{"id":6359,"href":"https:\/\/casaduvelo.com\/index.php?rest_route=\/wp\/v2\/pages\/6082\/revisions\/6359"}],"wp:attachment":[{"href":"https:\/\/casaduvelo.com\/index.php?rest_route=%2Fwp%2Fv2%2Fmedia&parent=6082"}],"curies":[{"name":"wp","href":"https:\/\/api.w.org\/{rel}","templated":true}]}}